{"id":951,"date":"2024-10-18T14:03:37","date_gmt":"2024-10-18T12:03:37","guid":{"rendered":"https:\/\/sgs.respond.no\/?post_type=product&#038;p=951"},"modified":"2024-10-18T14:21:05","modified_gmt":"2024-10-18T12:21:05","slug":"vattert-jakke-dame","status":"publish","type":"product","link":"https:\/\/sgs.respond.no\/?product=vattert-jakke-dame","title":{"rendered":"Vattert jakke, Dame"},"content":{"rendered":"<p>V\u00e5r ikoniske Mount Adams-jakke er laget av et resirkulert nylon, og er det perfekte plagget \u00e5 ha p\u00e5 seg b\u00e5de i byen og ute i naturen. Jakken er fylt med Gold Insulation Luxe fra Primaloft , som er et 100% resirkulert materiale. Vatteringen best\u00e5r av sm\u00e5, silkeaktige fj\u00e6r av syntetisk fiber som etterligner lettheten, varmen, mykheten og komprimerbarheten til naturlig g\u00e5sedun &#8211; med den utmerkede ytelsen til Primaloft. Jakken veier ikke mye, men til tross for dette fungerer den som et varmende lag som ogs\u00e5 beskytter mot lett regn. Hetten er enkel \u00e5 fjerne via glidel\u00e5sen festet p\u00e5 innsiden av kragen.<\/p>\n<p>&nbsp;<\/p>\n","protected":false},"excerpt":{"rendered":"<p>V\u00e5r ikoniske Mount Adams-jakke er laget av et resirkulert nylon, og er det perfekte plagget \u00e5 ha p\u00e5 seg b\u00e5de i byen og ute i naturen. Jakken er fylt med Gold Insulation Luxe fra Primaloft , som er et 100% resirkulert materiale. Vatteringen best\u00e5r av sm\u00e5, silkeaktige fj\u00e6r av syntetisk fiber som etterligner lettheten, varmen, mykheten og komprimerbarheten til naturlig g\u00e5sedun &#8211; med den utmerkede ytelsen til Primaloft. Jakken veier ikke mye, men til tross for dette fungerer den som et varmende lag som ogs\u00e5 beskytter mot lett regn. Hetten er enkel \u00e5 fjerne via glidel\u00e5sen festet p\u00e5 innsiden av kragen.<\/p>\n","protected":false},"featured_media":964,"template":"","meta":{"_angie_page":false,"site-sidebar-layout":"default","site-content-layout":"","ast-site-content-layout":"default","site-content-style":"default","site-sidebar-style":"default","ast-global-header-display":"","ast-banner-title-visibility":"","ast-main-header-display":"","ast-hfb-above-header-display":"","ast-hfb-below-header-display":"","ast-hfb-mobile-header-display":"","site-post-title":"","ast-breadcrumbs-content":"","ast-featured-img":"","footer-sml-layout":"","ast-disable-related-posts":"","theme-transparent-header-meta":"","adv-header-id-meta":"","stick-header-meta":"","header-above-stick-meta":"","header-main-stick-meta":"","header-below-stick-meta":"","astra-migrate-meta-layouts":"default","ast-page-background-enabled":"default","ast-page-background-meta":{"desktop":{"background-color":"var(--ast-global-color-5)","background-image":"","background-repeat":"repeat","background-position":"center center","background-size":"auto","background-attachment":"scroll","background-type":"","background-media":"","overlay-type":"","overlay-color":"","overlay-opacity":"","overlay-gradient":""},"tablet":{"background-color":"","background-image":"","background-repeat":"repeat","background-position":"center center","background-size":"auto","background-attachment":"scroll","background-type":"","background-media":"","overlay-type":"","overlay-color":"","overlay-opacity":"","overlay-gradient":""},"mobile":{"background-color":"","background-image":"","background-repeat":"repeat","background-position":"center center","background-size":"auto","background-attachment":"scroll","background-type":"","background-media":"","overlay-type":"","overlay-color":"","overlay-opacity":"","overlay-gradient":""}},"ast-content-background-meta":{"desktop":{"background-color":"var(--ast-global-color-4)","background-image":"","background-repeat":"repeat","background-position":"center center","background-size":"auto","background-attachment":"scroll","background-type":"","background-media":"","overlay-type":"","overlay-color":"","overlay-opacity":"","overlay-gradient":""},"tablet":{"background-color":"var(--ast-global-color-4)","background-image":"","background-repeat":"repeat","background-position":"center center","background-size":"auto","background-attachment":"scroll","background-type":"","background-media":"","overlay-type":"","overlay-color":"","overlay-opacity":"","overlay-gradient":""},"mobile":{"background-color":"var(--ast-global-color-4)","background-image":"","background-repeat":"repeat","background-position":"center center","background-size":"auto","background-attachment":"scroll","background-type":"","background-media":"","overlay-type":"","overlay-color":"","overlay-opacity":"","overlay-gradient":""}}},"product_brand":[],"product_cat":[72],"product_tag":[],"class_list":{"0":"post-951","1":"product","2":"type-product","3":"status-publish","4":"has-post-thumbnail","6":"product_cat-profiltoy","7":"pa_storrelse-2xl","8":"pa_storrelse-3xl","9":"pa_storrelse-4xl","10":"pa_storrelse-l","11":"pa_storrelse-m","12":"pa_storrelse-s","13":"pa_storrelse-xl","14":"desktop-align-left","15":"tablet-align-left","16":"mobile-align-left","18":"first","19":"instock","20":"taxable","21":"shipping-taxable","22":"purchasable","23":"product-type-variable"},"_links":{"self":[{"href":"https:\/\/sgs.respond.no\/index.php?rest_route=\/wp\/v2\/product\/951","targetHints":{"allow":["GET"]}}],"collection":[{"href":"https:\/\/sgs.respond.no\/index.php?rest_route=\/wp\/v2\/product"}],"about":[{"href":"https:\/\/sgs.respond.no\/index.php?rest_route=\/wp\/v2\/types\/product"}],"version-history":[{"count":0,"href":"https:\/\/sgs.respond.no\/index.php?rest_route=\/wp\/v2\/product\/951\/revisions"}],"wp:featuredmedia":[{"embeddable":true,"href":"https:\/\/sgs.respond.no\/index.php?rest_route=\/wp\/v2\/media\/964"}],"wp:attachment":[{"href":"https:\/\/sgs.respond.no\/index.php?rest_route=%2Fwp%2Fv2%2Fmedia&parent=951"}],"wp:term":[{"taxonomy":"product_brand","embeddable":true,"href":"https:\/\/sgs.respond.no\/index.php?rest_route=%2Fwp%2Fv2%2Fproduct_brand&post=951"},{"taxonomy":"product_cat","embeddable":true,"href":"https:\/\/sgs.respond.no\/index.php?rest_route=%2Fwp%2Fv2%2Fproduct_cat&post=951"},{"taxonomy":"product_tag","embeddable":true,"href":"https:\/\/sgs.respond.no\/index.php?rest_route=%2Fwp%2Fv2%2Fproduct_tag&post=951"}],"curies":[{"name":"wp","href":"https:\/\/api.w.org\/{rel}","templated":true}]}}